{"id":190,"date":"2021-02-16T18:44:07","date_gmt":"2021-02-16T17:44:07","guid":{"rendered":"https:\/\/wedding-bymove.com\/?page_id=190"},"modified":"2024-11-15T12:02:04","modified_gmt":"2024-11-15T11:02:04","slug":"politique-de-confidentialite","status":"publish","type":"page","link":"https:\/\/wedding-bymove.com\/index.php\/politique-de-confidentialite\/","title":{"rendered":"Mentions l\u00e9gales et Politique de confidentialit\u00e9"},"content":{"rendered":"<p>[et_pb_section fb_built=\u00a0\u00bb1&Prime; admin_label=\u00a0\u00bbsection\u00a0\u00bb _builder_version=\u00a0\u00bb4.16&Prime; global_colors_info=\u00a0\u00bb{}\u00a0\u00bb][et_pb_row admin_label=\u00a0\u00bbrow\u00a0\u00bb _builder_version=\u00a0\u00bb4.16&Prime; background_size=\u00a0\u00bbinitial\u00a0\u00bb background_position=\u00a0\u00bbtop_left\u00a0\u00bb background_repeat=\u00a0\u00bbrepeat\u00a0\u00bb global_colors_info=\u00a0\u00bb{}\u00a0\u00bb][et_pb_column type=\u00a0\u00bb4_4&Prime; _builder_version=\u00a0\u00bb4.16&Prime; custom_padding=\u00a0\u00bb|||\u00a0\u00bb global_colors_info=\u00a0\u00bb{}\u00a0\u00bb custom_padding__hover=\u00a0\u00bb|||\u00a0\u00bb][et_pb_text admin_label=\u00a0\u00bbText\u00a0\u00bb _builder_version=\u00a0\u00bb4.16&Prime; background_size=\u00a0\u00bbinitial\u00a0\u00bb background_position=\u00a0\u00bbtop_left\u00a0\u00bb background_repeat=\u00a0\u00bbrepeat\u00a0\u00bb width=\u00a0\u00bb99.9%\u00a0\u00bb custom_margin=\u00a0\u00bb-18px|222px||||\u00a0\u00bb global_colors_info=\u00a0\u00bb{}\u00a0\u00bb]<!-- divi:heading {\"level\":4} --><\/p>\n<h1><strong>Mentions l\u00e9gales et politique de confidentialit\u00e9<\/strong><\/h1>\n<p>&nbsp;<\/p>\n<h2><strong>Edition du site internet<\/strong><\/h2>\n<p><strong>Raison sociale :\u00a0<\/strong>Madame Mathilde Marande n\u00e9e Serru<\/p>\n<p><strong>Nom commercial : <\/strong>Wedding by Move<\/p>\n<p><strong>Si\u00e8ge social : <\/strong>30 impasse du L\u00e9man<br \/>01280 Pr\u00e9vessin-Mo\u00ebns<br \/><strong><\/strong><\/p>\n<p><strong>T\u00e9l.\u00a0<\/strong>06 08 36 86 82<br \/><strong>E-mail :<span>\u00a0<\/span><\/strong>contact@move-evenements.com<br \/><strong>Siret :\u00a0<\/strong>794 965 434 00044<\/p>\n<h2><strong>R\u00e9daction du site internet<\/strong><\/h2>\n<p><strong>Directeur de publication :<span>\u00a0<\/span><\/strong>Marande Mathilde<br \/><strong>DPO.\u00a0:\u00a0<\/strong>Marande Mathilde<\/p>\n<h2><strong>H\u00e9bergement du site internet<\/strong><\/h2>\n<p><strong>H\u00e9bergeur :\u00a0<\/strong>OVH<br \/><strong>Raison sociale :\u00a0<\/strong>OVH SAS<br \/><strong>Si\u00e8ge social :\u00a0<\/strong>2 rue Kellermann 59100 ROUBAIX<br \/><strong>RCS. de Clermont Ferrand : <\/strong>Lille Metropole B 424 761 419<\/p>\n<p>Le pr\u00e9sent site est la propri\u00e9t\u00e9 de Mathilde Marande &#8211; Nom commercial Wedding by Move situ\u00e9 30 impasse du L\u00e9man \u2013 01280 Pr\u00e9vessin Mo\u00ebns<\/p>\n<p><strong>www.wedding-bymove.com<\/strong>\u00a0a pour ambition d\u2019\u00eatre exemplaire et de contribuer \u00e0 la cr\u00e9ation d\u2019un monde \u00e9l\u00e9gant. Nous accordons une grande valeur \u00e0 l\u2019honn\u00eatet\u00e9 et \u00e0 la clart\u00e9 et avons \u00e0 c\u0153ur de construire avec nos clients des relations fortes et durables, fond\u00e9es sur la confiance et l\u2019int\u00e9r\u00eat mutuel. Conform\u00e9ment \u00e0 cette philosophie,\u00a0<strong>la protection de vos donn\u00e9es personnelles est essentielle<\/strong>\u00a0\u00e0 nos yeux et nous souhaitons vous informer par l\u2019interm\u00e9diaire de la pr\u00e9sente politique de protection des donn\u00e9es personnelles de\u00a0<strong>la mani\u00e8re dont nous collectons et traitons ces donn\u00e9es<\/strong>.<br \/>La pr\u00e9sente politique de confidentialit\u00e9 d\u00e9finit et vous informe de la mani\u00e8re dont www.wedding-bymove.com utilise et prot\u00e8ge les informations que vous nous transmettez, le cas \u00e9ch\u00e9ant, lorsque vous utilisez le pr\u00e9sent site accessible \u00e0 partir de l\u2019URL suivante : www.wedding-bymove.com.<br \/>Veuillez noter que cette politique de confidentialit\u00e9 est\u00a0<strong>susceptible d\u2019\u00eatre modifi\u00e9e ou compl\u00e9t\u00e9e<\/strong> \u00e0 tout moment par www.wedding-bymove.com, notamment en vue de se conformer \u00e0 toute \u00e9volution l\u00e9gislative, r\u00e9glementaire, jurisprudentielle ou technologique. Dans un tel cas, la\u00a0<strong>date de sa mise \u00e0 jour<\/strong>\u00a0sera clairement identifi\u00e9e en t\u00eate de la pr\u00e9sente politique. Ces modifications engagent l\u2019Utilisateur d\u00e8s leur mise en ligne. Il convient par cons\u00e9quent que l\u2019Utilisateur consulte r\u00e9guli\u00e8rement la pr\u00e9sente politique de confidentialit\u00e9 et d\u2019utilisation des cookies afin de prendre connaissance de ses \u00e9ventuelles modifications.<\/p>\n<h2><strong>R\u00e8glement g\u00e9n\u00e9ral sur la protection des donn\u00e9es (RGPD)<\/strong><\/h2>\n<p>Mathilde Marande s\u2019engage \u00e0 ce que la collecte et le traitement de vos donn\u00e9es, effectu\u00e9s \u00e0 partir du site www.wedding-bymove.com soient <strong>conformes au r\u00e8glement g\u00e9n\u00e9ral sur la protection des donn\u00e9es (RGPD)<\/strong>. Chaque formulaire ou t\u00e9l\u00e9service limite la collecte des donn\u00e9es personnelles au strict n\u00e9cessaire (minimisation des donn\u00e9es) et indique notamment :<\/p>\n<ul>\n<li>quels sont les objectifs du recueil de ces donn\u00e9es,<\/li>\n<li>si ces donn\u00e9es sont obligatoires ou facultatives pour la gestion de votre demande,<\/li>\n<li>qui pourra en prendre connaissance (uniquement Mathilde Marande en principe, sauf pr\u00e9cision dans le formulaire lorsqu\u2019une transmission \u00e0 un tiers est n\u00e9cessaire \u00e0 la gestion de votre demande),<\/li>\n<\/ul>\n<p>Les donn\u00e9es personnelles recueillies dans le cadre des services propos\u00e9s sur www.wedding-bymove.com sont trait\u00e9es selon des <strong>protocoles s\u00e9curis\u00e9s<\/strong> et permettent \u00e0 Mathilde Marande de g\u00e9rer les demandes re\u00e7ues dans ses applications informatiques.<br \/>Pour toute information ou exercice de vos\u00a0<strong>droits Informatique et Libert\u00e9s<\/strong> sur les traitements de donn\u00e9es personnelles g\u00e9r\u00e9s par Wedding by Move, vous pouvez <strong>contacter Mathilde Marande<\/strong> qui est aussi d\u00e9l\u00e9gu\u00e9e \u00e0 la protection des donn\u00e9es (DPO).<\/p>\n<h3><strong>Confidentialit\u00e9<\/strong><\/h3>\n<p>Wedding by Move n\u2019enregistre pas d\u2019informations personnelles permettant l\u2019identification, \u00e0 l\u2019exception des <strong>formulaires<\/strong>\u00a0que l\u2019utilisateur est\u00a0<strong>libre de remplir<\/strong>. Ces informations ne seront\u00a0<strong>pas utilis\u00e9es sans votre accord<\/strong>, nous les utiliserons seulement pour vous adresser des\u00a0<strong>courriers<\/strong>, des\u00a0<strong>brochures<\/strong>, des\u00a0<strong>devis<\/strong>\u00a0ou vous\u00a0<strong>contacter<\/strong>.<br \/>Les informations recueillies sur les sites b\u00e9n\u00e9ficient de la\u00a0<strong>protection de la loi \u00ab\u00a0Informatique et Libert\u00e9s\u00a0\u00bb<\/strong>\u00a0n\u00b0 78-17 du 06 janvier 1978. Elles b\u00e9n\u00e9ficient d\u2019un droit d\u2019<strong>acc\u00e8s<\/strong>, de\u00a0<strong>rectification<\/strong>, d\u2019<strong>opposition \u00e0 communication<\/strong>\u00a0et de\u00a0<strong>suppression<\/strong> sur simple demande \u00e0 Mathilde Marande.<br \/>Mathilde Marande pourra proc\u00e9der \u00e0 des <strong>analyses statistiques<\/strong>\u00a0sans que celles-ci soient nominatives et pourra en informer des tiers (organismes d\u2019\u00e9valuation de fr\u00e9quentation) sous une forme r\u00e9sum\u00e9e et\u00a0<strong>non nominative<\/strong>.<\/p>\n<h3><strong>Utilisation de cookies<\/strong><\/h3>\n<p>La gestion des commandes et l\u2019affichage du site internet n\u00e9cessite l\u2019utilisation de cookies. Des\u00a0<strong>informations non personnelles sont enregistr\u00e9es<\/strong> par ce syst\u00e8me de cookies (fichiers texte utilis\u00e9s pour reconna\u00eetre un utilisateur et ainsi faciliter son utilisation du site). Ceux-ci n\u2019ont aucune signification en dehors de leur utilisation sur le site www.wedding-bymove.com.<\/p>\n<h3><strong>Liens hypertexte<\/strong><\/h3>\n<p>Vous \u00eates libres d\u2019<strong>\u00e9tablir des liens<\/strong>\u00a0vers ce site dans la mesure o\u00f9 ils\u00a0<strong>ne portent pas atteinte<\/strong>\u00a0\u00e0 l\u2019image de son \u00e9diteur. Vous \u00eates autoris\u00e9s \u00e0 \u00e9tablir des liens vers les pages du site au format : html, php, xml.<br \/>La pratique du\u00a0<strong>framing est interdite<\/strong>\u00a0de m\u00eame que toute autre pratique ou technique susceptible d\u2019engendrer une confusion dans l\u2019esprit du public.<br \/>Sont prohib\u00e9s les liens profonds vers les documents aux formats pdf, Doc, ou rtf. En effet, ce type de document ne permet pas de prendre connaissance des pr\u00e9sentes conditions d\u2019utilisation.<br \/>Wedding by Move ne contr\u00f4le pas les sites en connexion avec le sien, et <strong>ne saurait donc \u00eatre responsable de leur contenu<\/strong>. Les risques li\u00e9s \u00e0 l\u2019utilisation de ces sites incombent pleinement \u00e0 l\u2019utilisateur. Il se conformera \u00e0 leurs conditions d\u2019utilisation.<\/p>\n<h3><strong>Responsabilit\u00e9<\/strong><\/h3>\n<p>Mathilde Marande d\u00e9cline toute responsabilit\u00e9 pour les difficult\u00e9s rencontr\u00e9es lors de l\u2019acc\u00e8s \u00e0 son site ou pour toute d\u00e9faillance de communication.<br \/>Mathilde Marande se r\u00e9serve la possibilit\u00e9 de <strong>modifier<\/strong>, d\u2019interrompre temporairement ou de fa\u00e7on permanente,\u00a0<strong>toute ou une partie du site<\/strong>, sans pr\u00e9avis. Mathilde Marande ne pourra en aucun cas \u00eatre tenu pour responsable \u00e0 votre encontre ou \u00e0 l\u2019encontre d\u2019un tiers de toute modification, interruption ou suspension du site.<\/p>\n<h3><strong>Propri\u00e9t\u00e9 intellectuelle<\/strong><\/h3>\n<p>En accord avec les lois r\u00e9gissant la\u00a0<strong>propri\u00e9t\u00e9 intellectuelle, la reproduction ou l\u2019utilisation des \u00e9l\u00e9ments<\/strong>\u00a0se trouvant dans ce site Internet, en totalit\u00e9 ou en partie est strictement\u00a0<strong>interdite<\/strong>. Seules sont maintenues les exceptions l\u00e9gales dont notamment la repr\u00e9sentation dans le cadre du cercle de famille, la copie priv\u00e9e ou le droit de courte citation.<br \/>Ainsi, tous les textes, photos, logos, marques et autres \u00e9l\u00e9ments reproduits sur ce site sont r\u00e9serv\u00e9s et\u00a0<strong>prot\u00e9g\u00e9s par le droit de la propri\u00e9t\u00e9 intellectuelle<\/strong>. (Droit auteur, droit voisin, droit des marques&#8230;).<\/p>\n<p>Toute\u00a0<strong>repr\u00e9sentation<\/strong>\u00a0totale ou partielle de ce site par quelque proc\u00e9d\u00e9 que ce soit, sans l\u2019autorisation expresse de l\u2019exploitant du site Internet est interdite et constituerait une contrefa\u00e7on sanctionn\u00e9e par les articles L 335-2 et suivants du Code de la propri\u00e9t\u00e9 intellectuelle.<\/p>\n<p>Il en est de m\u00eame des \u00e9ventuelles\u00a0<strong>bases de donn\u00e9es<\/strong>\u00a0figurant sur le site Internet qui sont prot\u00e9g\u00e9es par les dispositions de la loi du 11 juillet 1998 portant transposition dans le Code de la propri\u00e9t\u00e9 intellectuelle (CPI) de la directive europ\u00e9enne du 11 mars 1996 relative \u00e0 la\u00a0<strong>protection juridique des bases de donn\u00e9es<\/strong>.<\/p>\n<p>Bonne visite.\u00a0<\/p>\n<p>&nbsp;<\/p>\n<p>&nbsp;<\/p>\n<p>&nbsp;<\/p>\n<p>&nbsp;<\/p>\n<p>&nbsp;<\/p>\n<p>&nbsp;<\/p>\n<p>&nbsp;<\/p>\n<p><!-- \/divi:preformatted -->[\/et_pb_text][\/et_pb_column][\/et_pb_row][\/et_pb_section]<\/p>\n","protected":false},"excerpt":{"rendered":"<p>Mentions l\u00e9gales et politique de confidentialit\u00e9 &nbsp; Edition du site internet Raison sociale :\u00a0Madame Mathilde Marande n\u00e9e Serru Nom commercial : Wedding by Move Si\u00e8ge social : 30 impasse du L\u00e9man01280 Pr\u00e9vessin-Mo\u00ebns T\u00e9l.\u00a006 08 36 86 82E-mail :\u00a0contact@move-evenements.comSiret :\u00a0794 965 434 00044 R\u00e9daction du site internet Directeur de publication :\u00a0Marande MathildeDPO.\u00a0:\u00a0Marande Mathilde H\u00e9bergement du site [&hellip;]<\/p>\n","protected":false},"author":1,"featured_media":0,"parent":0,"menu_order":0,"comment_status":"closed","ping_status":"closed","template":"","meta":{"_et_pb_use_builder":"on","_et_pb_old_content":"<!-- wp:heading {\"level\":4} -->\n<h4><strong>1. Collecte de l\u2019information<\/strong><\/h4>\n<!-- \/wp:heading -->\n\n<!-- wp:preformatted -->\n<pre class=\"wp-block-preformatted\">Nous recueillons des informations lorsque vous vous inscrivez sur notre site, lorsque vous vous connectez \u00e0 votre compte, faites un achat, participez \u00e0 un concours, et \/ ou lorsque vous vous d\u00e9connectez. Les informations recueillies incluent votre nom, votre adresse e-mail, num\u00e9ro de t\u00e9l\u00e9phone, et \/ ou carte de cr\u00e9dit.\n\nEn outre, nous recevons et enregistrons automatiquement des informations \u00e0 partir de votre ordinateur et navigateur, y compris votre adresse IP, vos logiciels et votre mat\u00e9riel, et la page que vous demandez.\n\t<\/pre>\n<!-- \/wp:preformatted -->\n\n<!-- wp:heading {\"level\":4} -->\n<h4><strong><br>2. Utilisation des informations<\/strong><\/h4>\n<!-- \/wp:heading -->\n\n<!-- wp:preformatted -->\n<pre class=\"wp-block-preformatted\">Toutes les informations que nous recueillons aupr\u00e8s de vous peuvent \u00eatre utilis\u00e9es pour :\n\n- Personnaliser votre exp\u00e9rience et r\u00e9pondre \u00e0 vos besoins individuels\n- Fournir un contenu publicitaire personnalis\u00e9\n- Am\u00e9liorer notre site\n- Am\u00e9liorer le service client et vos besoins de prise en charge\n- Vous contacter par e-mail\n- Administrer un concours, une promotion, ou une enqu\u00eate\n\t<\/pre>\n<!-- \/wp:preformatted -->\n\n<!-- wp:heading {\"level\":4} -->\n<h4><strong><br>3. Divulgation \u00e0 des tiers<\/strong><\/h4>\n<!-- \/wp:heading -->\n\n<!-- wp:preformatted -->\n<pre class=\"wp-block-preformatted\">Nous ne vendons, n\u2019\u00e9changeons et ne transf\u00e9rons pas vos informations personnelles identifiables \u00e0 des tiers. Cela ne comprend pas les tierce parties de confiance qui nous aident \u00e0 exploiter notre site Web ou \u00e0 mener nos affaires, tant que ces parties conviennent de garder ces informations confidentielles.\n\nNous pensons qu\u2019il est n\u00e9cessaire de partager des informations afin d\u2019enqu\u00eater, de pr\u00e9venir ou de prendre des mesures concernant des activit\u00e9s ill\u00e9gales, fraudes pr\u00e9sum\u00e9es, situations impliquant des menaces potentielles \u00e0 la s\u00e9curit\u00e9 physique de toute personne, violations de nos conditions d\u2019utilisation, ou quand la loi nous y contraint.\n\nLes informations non-priv\u00e9es, cependant, peuvent \u00eatre fournies \u00e0 d\u2019autres parties pour le marketing, la publicit\u00e9, ou d\u2019autres utilisations.\n\t<\/pre>\n<!-- \/wp:preformatted -->\n\n<!-- wp:heading {\"level\":4} -->\n<h4><strong><br>4. Protection des informations<\/strong><\/h4>\n<!-- \/wp:heading -->\n\n<!-- wp:preformatted -->\n<pre class=\"wp-block-preformatted\">Nous mettons en \u0153uvre une vari\u00e9t\u00e9 de mesures de s\u00e9curit\u00e9 pour pr\u00e9server la s\u00e9curit\u00e9 de vos informations personnelles. Nous utilisons un cryptage \u00e0 la pointe de la technologie pour prot\u00e9ger les informations sensibles transmises en ligne. Nous prot\u00e9geons \u00e9galement vos informations hors ligne. Seuls les employ\u00e9s qui ont besoin d\u2019effectuer un travail sp\u00e9cifique (par exemple, la facturation ou le service \u00e0 la client\u00e8le) ont acc\u00e8s aux informations personnelles identifiables. Les ordinateurs et serveurs utilis\u00e9s pour stocker des informations personnelles identifiables sont conserv\u00e9s dans un environnement s\u00e9curis\u00e9.\n\t<\/pre>\n<!-- \/wp:preformatted -->\n\n<!-- wp:heading {\"level\":5} -->\n<h5><strong>Est-ce que nous utilisons des cookies ?<\/strong><\/h5>\n<!-- \/wp:heading -->\n\n<!-- wp:preformatted -->\n<pre class=\"wp-block-preformatted\">Nos cookies am\u00e9liorent l\u2019acc\u00e8s \u00e0 notre site et identifient les visiteurs r\u00e9guliers. En outre, nos cookies am\u00e9liorent l\u2019exp\u00e9rience d\u2019utilisateur gr\u00e2ce au suivi et au ciblage de ses int\u00e9r\u00eats. Cependant, cette utilisation des cookies n\u2019est en aucune fa\u00e7on li\u00e9e \u00e0 des informations personnelles identifiables sur notre site.\n\t<\/pre>\n<!-- \/wp:preformatted -->\n\n<!-- wp:heading {\"level\":4} -->\n<h4><strong><br>5. Se d\u00e9sabonner<\/strong><\/h4>\n<!-- \/wp:heading -->\n\n<!-- wp:preformatted -->\n<pre class=\"wp-block-preformatted\">Nous utilisons l\u2019adresse e-mail que vous fournissez pour vous envoyer des informations et mises \u00e0 jour relatives \u00e0 votre commande, des nouvelles de l\u2019entreprise de fa\u00e7on occasionnelle, des informations sur des produits li\u00e9s, etc. Si \u00e0 n\u2019importe quel moment vous souhaitez vous d\u00e9sinscrire et ne plus recevoir d\u2019e-mails, des instructions de d\u00e9sabonnement d\u00e9taill\u00e9es sont incluses en bas de chaque e-mail.\n\t<\/pre>\n<!-- \/wp:preformatted -->\n\n<!-- wp:heading {\"level\":4} -->\n<h4><strong><br>6. Consentement<\/strong><\/h4>\n<!-- \/wp:heading -->\n\n<!-- wp:preformatted -->\n<pre class=\"wp-block-preformatted\">En utilisant notre site, vous consentez \u00e0 notre politique de confidentialit\u00e9.\n\t<\/pre>\n<!-- \/wp:preformatted -->","_et_gb_content_width":"","_monsterinsights_skip_tracking":false,"_monsterinsights_sitenote_active":false,"_monsterinsights_sitenote_note":"","_monsterinsights_sitenote_category":0,"footnotes":""},"class_list":["post-190","page","type-page","status-publish","hentry"],"yoast_head":"<!-- This site is optimized with the Yoast SEO plugin v27.3 - https:\/\/yoast.com\/product\/yoast-seo-wordpress\/ -->\n<title>Mentions l\u00e9gales et Politique de confidentialit\u00e9 - Wedding by move<\/title>\n<meta name=\"robots\" content=\"index, follow, max-snippet:-1, max-image-preview:large, max-video-preview:-1\" \/>\n<link rel=\"canonical\" href=\"https:\/\/wedding-bymove.com\/index.php\/politique-de-confidentialite\/\" \/>\n<meta property=\"og:locale\" content=\"fr_FR\" \/>\n<meta property=\"og:type\" content=\"article\" \/>\n<meta property=\"og:title\" content=\"Mentions l\u00e9gales et Politique de confidentialit\u00e9 - Wedding by move\" \/>\n<meta property=\"og:description\" content=\"Mentions l\u00e9gales et politique de confidentialit\u00e9 &nbsp; Edition du site internet Raison sociale :\u00a0Madame Mathilde Marande n\u00e9e Serru Nom commercial : Wedding by Move Si\u00e8ge social : 30 impasse du L\u00e9man01280 Pr\u00e9vessin-Mo\u00ebns T\u00e9l.\u00a006 08 36 86 82E-mail :\u00a0contact@move-evenements.comSiret :\u00a0794 965 434 00044 R\u00e9daction du site internet Directeur de publication :\u00a0Marande MathildeDPO.\u00a0:\u00a0Marande Mathilde H\u00e9bergement du site [&hellip;]\" \/>\n<meta property=\"og:url\" content=\"https:\/\/wedding-bymove.com\/index.php\/politique-de-confidentialite\/\" \/>\n<meta property=\"og:site_name\" content=\"Wedding by move\" \/>\n<meta property=\"article:modified_time\" content=\"2024-11-15T11:02:04+00:00\" \/>\n<meta name=\"twitter:card\" content=\"summary_large_image\" \/>\n<meta name=\"twitter:label1\" content=\"Dur\u00e9e de lecture estim\u00e9e\" \/>\n\t<meta name=\"twitter:data1\" content=\"6 minutes\" \/>\n<script type=\"application\/ld+json\" class=\"yoast-schema-graph\">{\"@context\":\"https:\\\/\\\/schema.org\",\"@graph\":[{\"@type\":\"WebPage\",\"@id\":\"https:\\\/\\\/wedding-bymove.com\\\/index.php\\\/politique-de-confidentialite\\\/\",\"url\":\"https:\\\/\\\/wedding-bymove.com\\\/index.php\\\/politique-de-confidentialite\\\/\",\"name\":\"Mentions l\u00e9gales et Politique de confidentialit\u00e9 - Wedding by move\",\"isPartOf\":{\"@id\":\"https:\\\/\\\/wedding-bymove.com\\\/#website\"},\"datePublished\":\"2021-02-16T17:44:07+00:00\",\"dateModified\":\"2024-11-15T11:02:04+00:00\",\"breadcrumb\":{\"@id\":\"https:\\\/\\\/wedding-bymove.com\\\/index.php\\\/politique-de-confidentialite\\\/#breadcrumb\"},\"inLanguage\":\"fr-FR\",\"potentialAction\":[{\"@type\":\"ReadAction\",\"target\":[\"https:\\\/\\\/wedding-bymove.com\\\/index.php\\\/politique-de-confidentialite\\\/\"]}]},{\"@type\":\"BreadcrumbList\",\"@id\":\"https:\\\/\\\/wedding-bymove.com\\\/index.php\\\/politique-de-confidentialite\\\/#breadcrumb\",\"itemListElement\":[{\"@type\":\"ListItem\",\"position\":1,\"name\":\"Accueil\",\"item\":\"https:\\\/\\\/wedding-bymove.com\\\/\"},{\"@type\":\"ListItem\",\"position\":2,\"name\":\"Mentions l\u00e9gales et Politique de confidentialit\u00e9\"}]},{\"@type\":\"WebSite\",\"@id\":\"https:\\\/\\\/wedding-bymove.com\\\/#website\",\"url\":\"https:\\\/\\\/wedding-bymove.com\\\/\",\"name\":\"Wedding by move\",\"description\":\"Wedding-planner dans le Pays de gex\",\"publisher\":{\"@id\":\"https:\\\/\\\/wedding-bymove.com\\\/#organization\"},\"potentialAction\":[{\"@type\":\"SearchAction\",\"target\":{\"@type\":\"EntryPoint\",\"urlTemplate\":\"https:\\\/\\\/wedding-bymove.com\\\/?s={search_term_string}\"},\"query-input\":{\"@type\":\"PropertyValueSpecification\",\"valueRequired\":true,\"valueName\":\"search_term_string\"}}],\"inLanguage\":\"fr-FR\"},{\"@type\":\"Organization\",\"@id\":\"https:\\\/\\\/wedding-bymove.com\\\/#organization\",\"name\":\"Move Evenements\",\"url\":\"https:\\\/\\\/wedding-bymove.com\\\/\",\"logo\":{\"@type\":\"ImageObject\",\"inLanguage\":\"fr-FR\",\"@id\":\"https:\\\/\\\/wedding-bymove.com\\\/#\\\/schema\\\/logo\\\/image\\\/\",\"url\":\"https:\\\/\\\/wedding-bymove.com\\\/wp-content\\\/uploads\\\/2021\\\/02\\\/W-Logo-rose-fond-transparent-840-500.png\",\"contentUrl\":\"https:\\\/\\\/wedding-bymove.com\\\/wp-content\\\/uploads\\\/2021\\\/02\\\/W-Logo-rose-fond-transparent-840-500.png\",\"width\":597,\"height\":209,\"caption\":\"Move Evenements\"},\"image\":{\"@id\":\"https:\\\/\\\/wedding-bymove.com\\\/#\\\/schema\\\/logo\\\/image\\\/\"}}]}<\/script>\n<!-- \/ Yoast SEO plugin. -->","yoast_head_json":{"title":"Mentions l\u00e9gales et Politique de confidentialit\u00e9 - Wedding by move","robots":{"index":"index","follow":"follow","max-snippet":"max-snippet:-1","max-image-preview":"max-image-preview:large","max-video-preview":"max-video-preview:-1"},"canonical":"https:\/\/wedding-bymove.com\/index.php\/politique-de-confidentialite\/","og_locale":"fr_FR","og_type":"article","og_title":"Mentions l\u00e9gales et Politique de confidentialit\u00e9 - Wedding by move","og_description":"Mentions l\u00e9gales et politique de confidentialit\u00e9 &nbsp; Edition du site internet Raison sociale :\u00a0Madame Mathilde Marande n\u00e9e Serru Nom commercial : Wedding by Move Si\u00e8ge social : 30 impasse du L\u00e9man01280 Pr\u00e9vessin-Mo\u00ebns T\u00e9l.\u00a006 08 36 86 82E-mail :\u00a0contact@move-evenements.comSiret :\u00a0794 965 434 00044 R\u00e9daction du site internet Directeur de publication :\u00a0Marande MathildeDPO.\u00a0:\u00a0Marande Mathilde H\u00e9bergement du site [&hellip;]","og_url":"https:\/\/wedding-bymove.com\/index.php\/politique-de-confidentialite\/","og_site_name":"Wedding by move","article_modified_time":"2024-11-15T11:02:04+00:00","twitter_card":"summary_large_image","twitter_misc":{"Dur\u00e9e de lecture estim\u00e9e":"6 minutes"},"schema":{"@context":"https:\/\/schema.org","@graph":[{"@type":"WebPage","@id":"https:\/\/wedding-bymove.com\/index.php\/politique-de-confidentialite\/","url":"https:\/\/wedding-bymove.com\/index.php\/politique-de-confidentialite\/","name":"Mentions l\u00e9gales et Politique de confidentialit\u00e9 - Wedding by move","isPartOf":{"@id":"https:\/\/wedding-bymove.com\/#website"},"datePublished":"2021-02-16T17:44:07+00:00","dateModified":"2024-11-15T11:02:04+00:00","breadcrumb":{"@id":"https:\/\/wedding-bymove.com\/index.php\/politique-de-confidentialite\/#breadcrumb"},"inLanguage":"fr-FR","potentialAction":[{"@type":"ReadAction","target":["https:\/\/wedding-bymove.com\/index.php\/politique-de-confidentialite\/"]}]},{"@type":"BreadcrumbList","@id":"https:\/\/wedding-bymove.com\/index.php\/politique-de-confidentialite\/#breadcrumb","itemListElement":[{"@type":"ListItem","position":1,"name":"Accueil","item":"https:\/\/wedding-bymove.com\/"},{"@type":"ListItem","position":2,"name":"Mentions l\u00e9gales et Politique de confidentialit\u00e9"}]},{"@type":"WebSite","@id":"https:\/\/wedding-bymove.com\/#website","url":"https:\/\/wedding-bymove.com\/","name":"Wedding by move","description":"Wedding-planner dans le Pays de gex","publisher":{"@id":"https:\/\/wedding-bymove.com\/#organization"},"potentialAction":[{"@type":"SearchAction","target":{"@type":"EntryPoint","urlTemplate":"https:\/\/wedding-bymove.com\/?s={search_term_string}"},"query-input":{"@type":"PropertyValueSpecification","valueRequired":true,"valueName":"search_term_string"}}],"inLanguage":"fr-FR"},{"@type":"Organization","@id":"https:\/\/wedding-bymove.com\/#organization","name":"Move Evenements","url":"https:\/\/wedding-bymove.com\/","logo":{"@type":"ImageObject","inLanguage":"fr-FR","@id":"https:\/\/wedding-bymove.com\/#\/schema\/logo\/image\/","url":"https:\/\/wedding-bymove.com\/wp-content\/uploads\/2021\/02\/W-Logo-rose-fond-transparent-840-500.png","contentUrl":"https:\/\/wedding-bymove.com\/wp-content\/uploads\/2021\/02\/W-Logo-rose-fond-transparent-840-500.png","width":597,"height":209,"caption":"Move Evenements"},"image":{"@id":"https:\/\/wedding-bymove.com\/#\/schema\/logo\/image\/"}}]}},"_links":{"self":[{"href":"https:\/\/wedding-bymove.com\/index.php\/wp-json\/wp\/v2\/pages\/190","targetHints":{"allow":["GET"]}}],"collection":[{"href":"https:\/\/wedding-bymove.com\/index.php\/wp-json\/wp\/v2\/pages"}],"about":[{"href":"https:\/\/wedding-bymove.com\/index.php\/wp-json\/wp\/v2\/types\/page"}],"author":[{"embeddable":true,"href":"https:\/\/wedding-bymove.com\/index.php\/wp-json\/wp\/v2\/users\/1"}],"replies":[{"embeddable":true,"href":"https:\/\/wedding-bymove.com\/index.php\/wp-json\/wp\/v2\/comments?post=190"}],"version-history":[{"count":14,"href":"https:\/\/wedding-bymove.com\/index.php\/wp-json\/wp\/v2\/pages\/190\/revisions"}],"predecessor-version":[{"id":1420,"href":"https:\/\/wedding-bymove.com\/index.php\/wp-json\/wp\/v2\/pages\/190\/revisions\/1420"}],"wp:attachment":[{"href":"https:\/\/wedding-bymove.com\/index.php\/wp-json\/wp\/v2\/media?parent=190"}],"curies":[{"name":"wp","href":"https:\/\/api.w.org\/{rel}","templated":true}]}}